{"version":"1.0","provider_name":"Dott.ssa Anna Paola Cavalieri","provider_url":"https:\/\/www.medisocial.it\/annapaolacavalieri","author_name":"medisocial","author_url":"https:\/\/www.medisocial.it\/annapaolacavalieri\/author\/medisocial\/","title":"Comunit\u00e0 di Sant\u2019Egidio - Dott.ssa Anna Paola Cavalieri","type":"rich","width":600,"height":338,"html":"<blockquote class=\"wp-embedded-content\" data-secret=\"ksTsW8p0P9\"><a href=\"https:\/\/www.medisocial.it\/annapaolacavalieri\/2019\/07\/23\/comunita-santegidio\/\">Comunit\u00e0 di Sant\u2019Egidio<\/a><\/blockquote><iframe sandbox=\"allow-scripts\" security=\"restricted\" src=\"https:\/\/www.medisocial.it\/annapaolacavalieri\/2019\/07\/23\/comunita-santegidio\/embed\/#?secret=ksTsW8p0P9\" width=\"600\" height=\"338\" title=\"&#8220;Comunit\u00e0 di Sant\u2019Egidio&#8221; &#8212; Dott.ssa Anna Paola Cavalieri\" data-secret=\"ksTsW8p0P9\" frameborder=\"0\" marginwidth=\"0\" marginheight=\"0\" scrolling=\"no\" class=\"wp-embedded-content\"><\/iframe><script>\n\/*! This file is auto-generated *\/\n!function(d,l){\"use strict\";l.querySelector&&d.addEventListener&&\"undefined\"!=typeof URL&&(d.wp=d.wp||{},d.wp.receiveEmbedMessage||(d.wp.receiveEmbedMessage=function(e){var t=e.data;if((t||t.secret||t.message||t.value)&&!\/[^a-zA-Z0-9]\/.test(t.secret)){for(var s,r,n,a=l.querySelectorAll('iframe[data-secret=\"'+t.secret+'\"]'),o=l.querySelectorAll('blockquote[data-secret=\"'+t.secret+'\"]'),c=new RegExp(\"^https?:$\",\"i\"),i=0;i<o.length;i++)o[i].style.display=\"none\";for(i=0;i<a.length;i++)s=a[i],e.source===s.contentWindow&&(s.removeAttribute(\"style\"),\"height\"===t.message?(1e3<(r=parseInt(t.value,10))?r=1e3:~~r<200&&(r=200),s.height=r):\"link\"===t.message&&(r=new URL(s.getAttribute(\"src\")),n=new URL(t.value),c.test(n.protocol))&&n.host===r.host&&l.activeElement===s&&(d.top.location.href=t.value))}},d.addEventListener(\"message\",d.wp.receiveEmbedMessage,!1),l.addEventListener(\"DOMContentLoaded\",function(){for(var e,t,s=l.querySelectorAll(\"iframe.wp-embedded-content\"),r=0;r<s.length;r++)(t=(e=s[r]).getAttribute(\"data-secret\"))||(t=Math.random().toString(36).substring(2,12),e.src+=\"#?secret=\"+t,e.setAttribute(\"data-secret\",t)),e.contentWindow.postMessage({message:\"ready\",secret:t},\"*\")},!1)))}(window,document);\n<\/script>\n","thumbnail_url":"https:\/\/www.medisocial.it\/annapaolacavalieri\/wp-content\/uploads\/2019\/07\/comunita-santegidio2.jpg","thumbnail_width":750,"thumbnail_height":410,"description":"La Comunit\u00e0 di Sant\u2019Egidio \u00e8 una Comunit\u00e0 cristiana nata nel 1968, all\u2019indomani del Concilio Vaticano II, per iniziativa di Andrea Riccardi, in un liceo del centro di Roma. Con gli anni \u00e8 divenuta una rete di comunit\u00e0 che, in pi\u00f9 di 70 paesi del mondo, con una particolare attenzione alle periferie e ai periferici, raccoglie [&hellip;]"}

Comunità di Sant’Egidio - Dott.ssa Anna Paola Cavalieri

<blockquote class="wp-embedded-content" data-secret="ksTsW8p0P9"><a href="https://www.medisocial.it/annapaolacavalieri/2019/07/23/comunita-santegidio/">Comunità di Sant’Egidio</a></blockquote><iframe sandbox="allow-scripts" security="restricted" src="https://www.medisocial.it/annapaolacavalieri/2019/07/23/comunita-santegidio/embed/#?secret=ksTsW8p0P9" width="600" height="338" title="&#8220;Comunità di Sant’Egidio&#8221; &#8212; Dott.ssa Anna Paola Cavalieri" data-secret="ksTsW8p0P9" frameborder="0" marginwidth="0" marginheight="0" scrolling="no" class="wp-embedded-content"></iframe><script>
/*! This file is auto-generated */
!function(d,l){"use strict";l.querySelector&&d.addEventListener&&"undefined"!=typeof URL&&(d.wp=d.wp||{},d.wp.receiveEmbedMessage||(d.wp.receiveEmbedMessage=function(e){var t=e.data;if((t||t.secret||t.message||t.value)&&!/[^a-zA-Z0-9]/.test(t.secret)){for(var s,r,n,a=l.querySelectorAll('iframe[data-secret="'+t.secret+'"]'),o=l.querySelectorAll('blockquote[data-secret="'+t.secret+'"]'),c=new RegExp("^https?:$","i"),i=0;i<o.length;i++)o[i].style.display="none";for(i=0;i<a.length;i++)s=a[i],e.source===s.contentWindow&&(s.removeAttribute("style"),"height"===t.message?(1e3<(r=parseInt(t.value,10))?r=1e3:~~r<200&&(r=200),s.height=r):"link"===t.message&&(r=new URL(s.getAttribute("src")),n=new URL(t.value),c.test(n.protocol))&&n.host===r.host&&l.activeElement===s&&(d.top.location.href=t.value))}},d.addEventListener("message",d.wp.receiveEmbedMessage,!1),l.addEventListener("DOMContentLoaded",function(){for(var e,t,s=l.querySelectorAll("iframe.wp-embedded-content"),r=0;r<s.length;r++)(t=(e=s[r]).getAttribute("data-secret"))||(t=Math.random().toString(36).substring(2,12),e.src+="#?secret="+t,e.setAttribute("data-secret",t)),e.contentWindow.postMessage({message:"ready",secret:t},"*")},!1)))}(window,document);
</script>

La Comunità di Sant’Egidio è una Comunità cristiana nata nel 1968, all’indomani del Concilio Vaticano II, per iniziativa di Andrea Riccardi, in un liceo del centro di Roma. Con gli anni è divenuta una rete di comunità che, in più di 70 paesi del mondo, con una particolare attenzione alle periferie e ai periferici, raccoglie [&hellip;]
